 = 74*l**2 + 2*l. Determine f(1).
76
Let j(u) = 11316*u + 7. Determine j(0).
7
Let y(p) = 5*p**2 - 139*p + 963. Give y(12).
15
Let c(o) = -o**3 - 104*o**2 + 109*o + 418. Determine c(-105).
-2
Let b(i) = -40*i + 4079. Calculate b(102).
-1
Let s(y) = -y**3 - 64*y**2 - 831*y - 62. Give s(-18).
-8
Let x(l) = 428*l - 87. What is x(1)?
341
Let s(x) = 55*x - 1193. Give s(19).
-148
Let a(m) = -m**3 + 57*m**2 - 18*m + 4412. What is a(58)?
4
Let r(h) = 19*h - 213. Calculate r(11).
-4
Let v(z) = -2*z**3 - 75*z**2 - 47*z + 110. Determine v(-37).
480
Let l(a) = a**3 - 26*a**2 + 150*a + 28. Calculate l(18).
136
Let v(x) = x**2 - 59*x + 916. Give v(37).
102
Let u(t) = -3*t**2 - 66*t - 424. Determine u(-9).
-73
Let c(n) = n**3 + 61*n**2 + 139*n - 2056. Calculate c(-58).
-26
Let o(t) = -81*t + 517. Calculate o(9).
-212
Let o(r) = r**3 - r**2 + r + 6. What is o(-5)?
-149
Let i(g) = 7*g**3 - 27*g**2 + 16*g + 9. Calculate i(3).
3
Let j(z) = -36*z + 21. Calculate j(1).
-15
Let b(i) = i**2 - 94*i + 2010. Calculate b(61).
-3
Let u(m) = 14*m - 579. Give u(35).
-89
Let t(f) = 3*f**2 - 62*f + 254. What is t(6)?
-10
Let w(x) = 85*x + 331. What is w(-5)?
-94
Let l(i) = 302*i + 1851. Calculate l(-6).
39
Let v(z) = -z**2 + 28*z - 16. Calculate v(27).
11
Let g(u) = -u**3 - 21*u**2 + 1292*u - 198. Calculate g(-48).
-6
Let k(r) = -15*r**2 + 541*r - 30. Give k(36).
6
Let p(w) = -16*w**2 - 24*w - 15. Calculate p(-6).
-447
Let s(w) = w**2 + 75*w - 9522. Determine s(-142).
-8
Let b(l) = l**2 - 19*l - 83. What is b(8)?
-171
Let p(c) = -c**3 + 5*c**2 + 15*c + 3. Calculate p(-2).
1
Let g(m) = -152*m + 988. Calculate g(6).
76
Let b(k) = 2*k**3 - 3*k**2 - 11. What is b(6)?
313
Let s(q) = -4*q**3 + 22*q**2 - 63*q + 438. Determine s(6).
-12
Let c(h) = 92*h - 11946. Give c(130).
14
Let k(d) = d**2 - 235*d - 9760. Calculate k(-36).
-4
Let s(j) = 3*j**2 + 7*j - 51. Give s(-5).
-11
Let h(a) = -6*a**2 - 13*a - 6. What is h(-6)?
-144
Let s(k) = 1331*k + 6648. Give s(-5).
-7
Let x(h) = -35*h + 369. Give x(6).
159
Let r(m) = 6*m**2 - 742*m + 1228. Give r(122).
8
Let n(b) = -3*b**2 - 6*b. Determine n(-2).
0
Let d(i) = -18*i + 38. What is d(16)?
-250
Let w(f) = 121*f - 113. Determine w(2).
129
Let o(g) = 122*g + 968. Determine o(-5).
358
Let f(w) = 6715*w + 20149. What is f(-3)?
4
Let f(s) = 28*s - 810. What is f(27)?
-54
Let u(n) = 547*n - 42. Determine u(0).
-42
Let o(q) = q**3 - 15*q**2 + 3*q + 281. What is o(14)?
127
Let z(m) = 4*m + 88. Give z(0).
88
Let p(n) = 11*n**2 - 4932*n + 6711. What is p(447)?
6
Let g(r) = 6*r**2 - 574*r - 1729. Determine g(-3).
47
Let b(r) = r**3 + 54*r**2 - 434*r + 58. What is b(7)?
9
Let z(s) = -s**3 - 183*s**2 - 1422*s - 3843. Give z(-175).
7
Let r(h) = -2*h**3 + 26*h**2 - 15*h - 14. Give r(12).
94
Let l(o) = o**3 + 5*o**2 - 191*o - 579. Determine l(-3).
12
Let h(w) = -6*w**2 - 53*w + 3. Determine h(-10).
-67
Let v(o) = 75*o - 977. Determine v(13).
-2
Let f(w) = 6*w**2 - 103*w - 86. Give f(18).
4
Let q(k) = 115*k**2 + 86*k - 25. Give q(-1).
4
Let u(r) = -252*r**2 - 5*r + 3. Determine u(1).
-254
Let i(k) = k**3 - 15*k**2 - 244*k - 9. What is i(25)?
141
Let z(q) = -q**2 - 20*q - 89. Determine z(-8).
7
Let k(d) = -15*d**2 - 75*d - 18. Calculate k(-6).
-108
Let s(k) = -k**2 - 51*k + 35. Give s(-56).
-245
Let w(f) = 2*f**2 - 94*f + 652. Determine w(39).
28
Let c(y) = 1410*y + 11276. Calculate c(-8).
-4
Let c(f) = 11*f**2 - 698*f + 306. What is c(63)?
-9
Let g(l) = l**3 - 4*l**2 - 17*l + 59. Determine g(3).
-1
Let t(j) = 2*j**3 - 54*j**2 - 58*j + 32. Determine t(28).
-24
Let x(f) = -2*f**3 - 43*f**2 - 49*f + 225. Determine x(-20).
5
Let v(r) = 2*r**2 - 105*r - 335. Give v(55).
-60
Let q(u) = -u**3 - 60*u**2 + 35*u + 2127. What is q(-60)?
27
Let i(x) = -3*x**2 - 352*x - 1112. Determine i(-114).
28
Let m(c) = -2*c**2 + 12*c + 249. Calculate m(15).
-21
Let n(o) = o**3 - 41*o**2 + 176*o + 161. Give n(36).
17
Let j(f) = 3*f**3 - 63*f**2 + 41. Calculate j(21).
41
Let z(n) = 6*n + 84. Calculate z(-2).
72
Let c(k) = 36*k + 56. Calculate c(-3).
-52
Let r(y) = -2*y**3 - 20*y**2 + 7*y + 62. Calculate r(-6).
-268
Let w(v) = 33*v**2 - 138*v + 11. Give w(4).
-13
Let a(l) = 2816*l + 16872. What is a(-6)?
-24
Let n(s) = -751*s**2 - 784*s + 1. Determine n(-1).
34
Let r(y) = y**3 + 38*y**2 + 121*y + 69. Give r(-35).
-491
Let m(b) = 2*b**3 + 159*b**2 + 247*b + 1022. Calculate m(-78).
8
Let d(z) = z**2 - 13*z - 1366. Determine d(46).
152
Let u(a) = a**2 + 71*a + 37. What is u(0)?
37
Let y(m) = -m**2 - 18*m - 24. Give y(-12).
48
Let y(p) = p**3 + 49*p**2 + 22*p + 737. Give y(-49).
-341
Let w(l) = -175*l + 634. Give w(4).
-66
Let z(w) = -w**3 - 59*w**2 + 42*w - 1095. Calculate z(-60).
-15
Let b(d) = -24*d**2 - d + 13. Calculate b(3).
-206
Let a(g) = 3*g**3 + 136*g**2 - 60*g - 15. Give a(-46).
-1487
Let n(j) = 51*j + 68. Give n(-1).
17
Let k(a) = 182*a + 1455. Determine k(-8).
-1
Let i(x) = x**2 - 63*x + 985. Determine i(35).
5
Let a(d) = 29*d**2 + 466*d + 467. Give a(-1).
30
Let f(u) = -2616*u - 23545. Calculate f(-9).
-1
Let x(l) = -l**3 - 36*l**2 + 36*l - 20. Give x(-37).
17
Let l(x) = -3*x**2 - 169*x + 117. Give l(-57).
3
Let a(m) = -32*m + 1406. Give a(44).
-2
Let t(m) = m**3 + 318*m**2 - 319*m + 5. Determine t(-319).
5
Let p(m) = -10*m**2 + 380*m - 20. Determine p(38).
-20
Let u(y) = -2*y**2 + 6*y + 66. Give u(-6).
-42
Let f(d) = 1825*d + 16379. Give f(-9).
-46
Let c(a) = 178*a**2 - 1003*a - 10. Calculate c(6).
380
Let t(a) = -3*a**2 + 381*a + 12. Calculate t(127).
12
Let s(b) = -b**3 - 21*b**2 - 102*b + 28. Give s(-13).
2
Let b(m) = 476*m - 3. Give b(0).
-3
Let b(u) = 96*u - 11228. Calculate b(117).
4
Let t(l) = 9*l**2 + 515*l + 6736. Calculate t(-37).
2
Let h(t) = 2*t**2 + 24*t - 248. Give h(-18).
-32
Let v(u) = -275*u + 1061. Give v(4).
-39
Let t(a) = 2*a**2 - 44*a - 88. What is t(-17)?
1238
Let n(t) = t**3 + 107*t**2 + 221*t + 12187. Determine n(-106).
-3
Let i(q) = q**2 + 17*q + 64. Determine i(-9).
-8
Let n(h) = -h**2 + 9*h + 153. Determine n(-9).
-9
Let g(j) = -2*j**2 - 224*j - 1471. Give g(-105).
-1
Let c(p) = p**3 + 80*p**2 - 2*p - 172. Calculate c(-80).
-12
Let g(r) = r**2 + 88*r + 180. Calculate g(-86).
8
Let t(h) = 2*h**3 + 57*h**2 - 93*h - 88. Determine t(-30).
2
Let v(y) = 6*y**2 + 878*y + 3523. What is v(-4)?
107
Let y(f) = -f**3 - 18*f**2 + 174*f - 98. Determine y(-25).
-73
Let v(s) = -2*s**3 - 2. Calculate v(2).
-18
Let z(u) = -u**3 + 227*u**2 + 691*u - 227. Give z(230).
3
Let m(x) = -12*x**2 - 67*x + 31. What is m(-8)?
-201
Let p(j) = 190*j - 62. Calculate p(2).
318
Let c(r) = -r**2 + 311*r - 18464. Give c(231).
16
Let q(o) = 108*o - 12950. Give q(120).
10
Let b(q) = 15*q - 271. What is b(26)?
119
Let f(p) = -p**2 + 39*p + 228. Calculate f(-5).
8
Let g(c) = 8*c**2 - 44*c - 79. What is g(-3)?
125
Let c(g) = -4*g**2 - 3*g + 61. Give c(6).
-101
Let o(i) = -88*i + 724. Determine o(8).
20
Let k(y) = -278*y - 18215. Determine k(-66).
133
Let h(v) = 2*v**3 + 57*v**2 - 12*v + 526. Give h(-29).
33
Let m(d) = -d**3 + 52*d**2 + 4506*d + 204. Give m(98).
8
Let q(w) = w**3 + 7*w**2 - 42*w + 39. Give q(-11).
17
Let k(c) = -68*c - 1695. Calculate k(-25).
5
Let v(g) = -g**3 - 9*g**2 - 31*g - 46. What is v(-5)?
9
Let k(z) = z**2 + 12*z - 342. What is k(-25)?
-17
Let p(w) = -6*w**2 - 1221*w + 11479. Determine p(9).
4
Let s(q) = q**3 - 12*q**2 - 32*q - 22. Determine s(15).
173
Let v(l) = 7*l + 74. What is v(-8)?
18
Let p(l) = -11*l**2 - 182*l - 262. Determine p(-15).
-7
Let s(m) = -27*m - 17. Give s(1).
-44
Let c(u) = 3703*u + 748006. Determine c(-202).
0
Let h(s) = -s**3 - 25*s**2 - s - 63. Calculate h(-25).
-38
Let j(q) = 4*q**2 - 19*q - 14. What is j(5)?
-9
Let p(k) = 156*k + 866. Determine p(-6).
-70
Let u(j) = 76*j - 4712. Determine u(62).
0
Let y(p) = 2*p**2 - 51*p - 100. Determine y(24).
-172
Let x(y) = -276*y - 526. What is x(-3)?
302
Let d(z) = -4*z**3 + 5*z**2 + 11*z - 14. Give d(3).
-44
Let d(r) = 51*r**2 + 313*r - 34. What is d(-5)?
-324
Let m(p) = -69*p - 353. Calculate m(-5).
-8
Let n(j) = -3*j - 195. Give n(29).
-282
Let z(q) = -1743*q + 10518. What is z(6)?
60
Let j(w) = -120*w + 199. Determine j(2).
-41
Let f(w) = 11*w**2 + 1529*w + 1519. Give f(-138).
1
Let k(v) = v**3 + 34*v**2 + 56*v + 793. Determine k(-33).
34
Let q(g) = -680*g - 10191. Determine q(-15).
9
Let 